{"id":6,"date":"2022-09-14T11:37:44","date_gmt":"2022-09-14T09:37:44","guid":{"rendered":"http:\/\/emilie-kerouanton.com\/?page_id=6"},"modified":"2022-12-05T21:32:10","modified_gmt":"2022-12-05T20:32:10","slug":"accueil","status":"publish","type":"page","link":"https:\/\/emilie-kerouanton.com\/","title":{"rendered":"Accueil"},"content":{"rendered":"\t\t<div data-elementor-type=\"wp-page\" data-elementor-id=\"6\" class=\"elementor elementor-6\" data-elementor-post-type=\"page\">\n\t\t\t\t\t\t<section class=\"has_eae_slider elementor-section elementor-top-section elementor-element elementor-element-474facf elementor-section-full_width elementor-section-height-default elementor-section-height-default\" data-eae-slider=\"97945\" data-particle_enable=\"false\" data-particle-mobile-disabled=\"false\" data-id=\"474facf\" data-element_type=\"section\">\n\t\t\t\t\t\t<div class=\"elementor-container elementor-column-gap-no\">\n\t\t\t\t\t<div class=\"has_eae_slider elementor-column elementor-col-100 elementor-top-column elementor-element elementor-element-4a44bd2\" data-eae-slider=\"27698\" data-id=\"4a44bd2\" data-element_type=\"column\">\n\t\t\t<div class=\"elementor-widget-wrap elementor-element-populated\">\n\t\t\t\t\t\t<div class=\"elementor-element elementor-element-7b08eea elementor-widget__width-inherit elementor--h-position-center elementor--v-position-middle elementor-arrows-position-inside elementor-pagination-position-inside elementor-widget elementor-widget-slides\" data-id=\"7b08eea\" data-element_type=\"widget\" data-settings=\"{&quot;autoplay_speed&quot;:6000,&quot;transition_speed&quot;:1500,&quot;transition&quot;:&quot;fade&quot;,&quot;navigation&quot;:&quot;both&quot;,&quot;autoplay&quot;:&quot;yes&quot;,&quot;pause_on_hover&quot;:&quot;yes&quot;,&quot;pause_on_interaction&quot;:&quot;yes&quot;,&quot;infinite&quot;:&quot;yes&quot;}\" data-widget_type=\"slides.default\">\n\t\t\t\t<div class=\"elementor-widget-container\">\n\t\t\t\t\t<div class=\"elementor-swiper\">\n\t\t\t<div class=\"elementor-slides-wrapper elementor-main-swiper swiper\" dir=\"ltr\" data-animation=\"fadeInUp\">\n\t\t\t\t<div class=\"swiper-wrapper elementor-slides\">\n\t\t\t\t\t\t\t\t\t\t<div class=\"elementor-repeater-item-cbe65e0 swiper-slide\"><div class=\"swiper-slide-bg elementor-ken-burns elementor-ken-burns--out\" role=\"img\"><\/div><div class=\"swiper-slide-inner\" ><div class=\"swiper-slide-contents\"><div class=\"elementor-slide-heading\">Se lib\u00e9rer et donner du sens \u00e0 sa vie<\/div><\/div><\/div><\/div><div class=\"elementor-repeater-item-dc2d38d swiper-slide\"><div class=\"swiper-slide-bg elementor-ken-burns elementor-ken-burns--in\" role=\"img\"><\/div><div class=\"swiper-slide-inner\" ><div class=\"swiper-slide-contents\"><div class=\"elementor-slide-heading\">Reprendre sa vie en main et faire ses propres choix<\/div><\/div><\/div><\/div><div class=\"elementor-repeater-item-f7fa11c swiper-slide\"><div class=\"swiper-slide-bg elementor-ken-burns elementor-ken-burns--in\" role=\"img\"><\/div><div class=\"swiper-slide-inner\" ><div class=\"swiper-slide-contents\"><div class=\"elementor-slide-heading\">Vivre au rythme de son \u00catre et de son C\u0153ur<\/div><\/div><\/div><\/div><div class=\"elementor-repeater-item-878efd3 swiper-slide\"><div class=\"swiper-slide-bg elementor-ken-burns elementor-ken-burns--out\" role=\"img\"><\/div><div class=\"swiper-slide-inner\" ><div class=\"swiper-slide-contents\"><div class=\"elementor-slide-heading\">Devenir la personne la plus importante de sa vie<\/div><\/div><\/div><\/div><div class=\"elementor-repeater-item-173f44a swiper-slide\"><div class=\"swiper-slide-bg elementor-ken-burns elementor-ken-burns--out\" role=\"img\"><\/div><div class=\"swiper-slide-inner\" ><div class=\"swiper-slide-contents\"><div class=\"elementor-slide-heading\">Oser une vie libre et \u00e9panouie<\/div><\/div><\/div><\/div>\t\t\t\t<\/div>\n\t\t\t\t\t\t\t\t\t\t\t\t\t\t\t<div class=\"swiper-pagination\"><\/div>\n\t\t\t\t\t\t\t\t\t\t\t\t\t\t\t\t<div class=\"elementor-swiper-button elementor-swiper-button-prev\" role=\"button\" tabindex=\"0\">\n\t\t\t\t\t\t\t<i aria-hidden=\"true\" class=\"eicon-chevron-left\"><\/i>\t\t\t\t\t\t\t<span class=\"elementor-screen-only\">Previous slide<\/span>\n\t\t\t\t\t\t<\/div>\n\t\t\t\t\t\t<div class=\"elementor-swiper-button elementor-swiper-button-next\" role=\"button\" tabindex=\"0\">\n\t\t\t\t\t\t\t<i aria-hidden=\"true\" class=\"eicon-chevron-right\"><\/i>\t\t\t\t\t\t\t<span class=\"elementor-screen-only\">Next slide<\/span>\n\t\t\t\t\t\t<\/div>\n\t\t\t\t\t\t\t\t\t\t\t\t<\/div>\n\t\t<\/div>\n\t\t\t\t<\/div>\n\t\t\t\t<\/div>\n\t\t\t\t\t<\/div>\n\t\t<\/div>\n\t\t\t\t\t<\/div>\n\t\t<\/section>\n\t\t\t\t<section class=\"has_eae_slider elementor-section elementor-top-section elementor-element elementor-element-08bbbea elementor-section-boxed elementor-section-height-default elementor-section-height-default\" data-eae-slider=\"20035\" data-particle_enable=\"false\" data-particle-mobile-disabled=\"false\" data-id=\"08bbbea\" data-element_type=\"section\">\n\t\t\t\t\t\t<div class=\"elementor-container elementor-column-gap-default\">\n\t\t\t\t\t<div class=\"has_eae_slider elementor-column elementor-col-100 elementor-top-column elementor-element elementor-element-145d507\" data-eae-slider=\"98839\" data-id=\"145d507\" data-element_type=\"column\">\n\t\t\t<div class=\"elementor-widget-wrap elementor-element-populated\">\n\t\t\t\t\t\t<div class=\"elementor-element elementor-element-ff20f65 elementor-widget elementor-widget-heading\" data-id=\"ff20f65\" data-element_type=\"widget\" data-widget_type=\"heading.default\">\n\t\t\t\t<div class=\"elementor-widget-container\">\n\t\t\t<h2 class=\"elementor-heading-title elementor-size-default\">Qu'est-ce qu'un coach th\u00e9rapeute ?<\/h2>\t\t<\/div>\n\t\t\t\t<\/div>\n\t\t\t\t<section class=\"has_eae_slider elementor-section elementor-inner-section elementor-element elementor-element-bfb100f elementor-section-boxed elementor-section-height-default elementor-section-height-default\" data-eae-slider=\"98514\" data-particle_enable=\"false\" data-particle-mobile-disabled=\"false\" data-id=\"bfb100f\" data-element_type=\"section\">\n\t\t\t\t\t\t<div class=\"elementor-container elementor-column-gap-default\">\n\t\t\t\t\t<div class=\"has_eae_slider elementor-column elementor-col-50 elementor-inner-column elementor-element elementor-element-061c340\" data-eae-slider=\"56705\" data-id=\"061c340\" data-element_type=\"column\">\n\t\t\t<div class=\"elementor-widget-wrap elementor-element-populated\">\n\t\t\t\t\t\t<div class=\"elementor-element elementor-element-beefcba elementor-widget elementor-widget-text-editor\" data-id=\"beefcba\" data-element_type=\"widget\" data-widget_type=\"text-editor.default\">\n\t\t\t\t<div class=\"elementor-widget-container\">\n\t\t\t\t\t\t\t<p>Un coach th\u00e9rapeute est un professionnel de l\u2019<strong>\u00e9coute active<\/strong> et de l\u2019accompagnement au changement. Il ne propose pas d\u2019analyse \u00abclassique\u00bb mais il est plut\u00f4t orient\u00e9 \u00absolutions\u00bb&nbsp;en vous tournant sur le \u00abcomment\u00bb plus que sur le \u00abpourquoi\u00bb. C\u2019est une approche globale et holistique de l\u2019accompagnement qui prend en compte la personne dans son enti\u00e8ret\u00e9 et dans son unicit\u00e9 <strong>visant au mieux-\u00eatre<\/strong>.<\/p>\n<p><\/p>\n<p>La vie est un chemin que chacun d\u2019entre nous parcourt \u00e0 son rythme. Au cours de notre vie, nous rencontrons tous des p\u00e9riodes plus difficiles, qui peuvent nous questionner, nous perturber, nous faire douter, ou m\u00eame nous faire perdre pied. Il n\u2019est pas toujours \u00e9vident de garder confiance, de faire ses choix et d\u2019aller de l\u2019avant. Parfois on ne sait plus de quoi on a besoin ni m\u00eame qui on est vraiment, on peut se perdre au fil du temps.<\/p>\n<p><\/p>\n<p>La plupart d\u2019entre nous n\u2019avons pas r\u00e9ellement conscience des ressources immenses que nous poss\u00e9dons, alors nous cherchons \u00e0 l\u2019ext\u00e9rieur un sens \u00e0 notre vie jusqu\u2019\u00e0 nous couper de nous-m\u00eame.<\/p>\n<p><\/p>\n<p>A travers mon accompagnement de coach th\u00e9rapeute, ma mission est de vous aider \u00e0 <strong>vous recentrer<\/strong> afin de prendre conscience de toutes vos potentialit\u00e9s et ainsi vous guider sur votre chemin d\u2019\u00e9volution avec plus de confiance pour vivre plus sereinement.<\/p>\t\t\t\t\t\t<\/div>\n\t\t\t\t<\/div>\n\t\t\t\t\t<\/div>\n\t\t<\/div>\n\t\t\t\t<div class=\"has_eae_slider elementor-column elementor-col-50 elementor-inner-column elementor-element elementor-element-09780e9\" data-eae-slider=\"25506\" data-id=\"09780e9\" data-element_type=\"column\">\n\t\t\t<div class=\"elementor-widget-wrap elementor-element-populated\">\n\t\t\t\t\t\t<div class=\"elementor-element elementor-element-9355c26 elementor-widget elementor-widget-text-editor\" data-id=\"9355c26\" data-element_type=\"widget\" data-widget_type=\"text-editor.default\">\n\t\t\t\t<div class=\"elementor-widget-container\">\n\t\t\t\t\t\t\t<p>L\u2019accompagnement que je vous propose est bas\u00e9 sur une d\u00e9marche profond\u00e9ment humaine et orient\u00e9e vers la <strong>connaissance de soi<\/strong>. Elle repose sur le mod\u00e8le psychanalytique (r\u00e9solution des conflits inconscients), le mod\u00e8le humaniste (restauration de la capacit\u00e9 \u00e0 grandir), le mod\u00e8le syst\u00e9mique (capacit\u00e9 du syst\u00e8me \u00e0 r\u00e9soudre par lui-m\u00eame la probl\u00e9matique) et le mod\u00e8le existentiel (redonner du sens \u00e0 sa probl\u00e9matique).<\/p>\n<p><\/p>\n<p>Se recentrer pour mieux se connaitre c\u2019est se donner la chance de se rencontrer pour qui on est et non pour ce qu\u2019on aimerait \u00eatre.&nbsp; Apprendre \u00e0 se connaitre et reconnaitre ses failles et ses forces nous permet de comprendre que rien n\u2019est fig\u00e9, qu\u2019on peut changer et \u00e9voluer. Apprendre \u00e0 se faire confiance c\u2019est s\u2019aimer davantage chaque jour. <strong>La confiance en soi commence par l\u2019amour de soi<\/strong>. S\u2019aimer c\u2019est se donner la force de changer ce qui ne nous plait pas. C\u2019est la cl\u00e9 de la bienveillance&nbsp;: On ne change pas pour s\u2019aimer, on s\u2019aime pour changer&nbsp;!<\/p>\n<p><\/p>\n<p>Chaque rendez-vous est une parenth\u00e8se avec vous-m\u00eame pour prendre du recul sur votre situation, identifier vos points de blocages et vous permettre de <strong>passer de l\u2019intention \u00e0 l\u2019action<\/strong> afin de vous sentir en harmonie avec vous-m\u00eame.<\/p>\t\t\t\t\t\t<\/div>\n\t\t\t\t<\/div>\n\t\t\t\t<div class=\"elementor-element elementor-element-c5663cd elementor-blockquote--skin-quotation elementor-blockquote--align-left elementor-blockquote--button-color-official elementor-widget elementor-widget-blockquote\" data-id=\"c5663cd\" data-element_type=\"widget\" data-widget_type=\"blockquote.default\">\n\t\t\t\t<div class=\"elementor-widget-container\">\n\t\t\t\t\t<blockquote class=\"elementor-blockquote\">\n\t\t\t<p class=\"elementor-blockquote__content\">\n\t\t\t\t<span style=\"font-family: Roboto, sans-serif; white-space: normal;\"><i><b>Vivre est la chose la plus rare au monde, la plupart des gens se contentent d\u2019exister.<\/b><\/i><\/span>\t\t\t<\/p>\n\t\t\t\t\t\t\t<div class=\"e-q-footer\">\n\t\t\t\t\t\t\t\t\t\t\t<cite class=\"elementor-blockquote__author\">Oscar Wide<\/cite>\n\t\t\t\t\t\t\t\t\t\t\t\t\t\t<\/div>\n\t\t\t\t\t<\/blockquote>\n\t\t\t\t<\/div>\n\t\t\t\t<\/div>\n\t\t\t\t\t<\/div>\n\t\t<\/div>\n\t\t\t\t\t<\/div>\n\t\t<\/section>\n\t\t\t\t\t<\/div>\n\t\t<\/div>\n\t\t\t\t\t<\/div>\n\t\t<\/section>\n\t\t\t\t<\/div>\n\t\t","protected":false},"excerpt":{"rendered":"<p>Se lib\u00e9rer et donner du sens \u00e0 sa vieReprendre sa vie en main et faire ses propres choixVivre au rythme de son \u00catre et de son C\u0153urDevenir la personne la plus importante de sa vieOser une vie libre et \u00e9panouie Previous Next Qu&rsquo;est-ce qu&rsquo;un coach th\u00e9rapeute ? Un coach th\u00e9rapeute est un professionnel de l\u2019\u00e9coute &hellip;<\/p>\n<p class=\"read-more\"> <a class=\"\" href=\"https:\/\/emilie-kerouanton.com\/\"> <span class=\"screen-reader-text\">Accueil<\/span> Lire la suite\u00a0\u00bb<\/a><\/p>\n","protected":false},"author":1,"featured_media":0,"parent":0,"menu_order":0,"comment_status":"closed","ping_status":"closed","template":"elementor_header_footer","meta":{"site-sidebar-layout":"default","site-content-layout":"default","ast-global-header-display":"","ast-main-header-display":"","ast-hfb-above-header-display":"","ast-hfb-below-header-display":"","ast-hfb-mobile-header-display":"","site-post-title":"","ast-breadcrumbs-content":"","ast-featured-img":"","footer-sml-layout":"","theme-transparent-header-meta":"","adv-header-id-meta":"","stick-header-meta":"","header-above-stick-meta":"","header-main-stick-meta":"","header-below-stick-meta":"","footnotes":""},"class_list":["post-6","page","type-page","status-publish","hentry"],"yoast_head":"<!-- This site is optimized with the Yoast SEO plugin v27.4 - https:\/\/yoast.com\/product\/yoast-seo-wordpress\/ -->\n<title>Accueil - Emilie KEROUANTON coach th\u00e9rapeute<\/title>\n<meta name=\"robots\" content=\"index, follow, max-snippet:-1, max-image-preview:large, max-video-preview:-1\" \/>\n<link rel=\"canonical\" href=\"https:\/\/emilie-kerouanton.com\/\" \/>\n<meta property=\"og:locale\" content=\"fr_FR\" \/>\n<meta property=\"og:type\" content=\"article\" \/>\n<meta property=\"og:title\" content=\"Accueil - Emilie KEROUANTON coach th\u00e9rapeute\" \/>\n<meta property=\"og:description\" content=\"Se lib\u00e9rer et donner du sens \u00e0 sa vieReprendre sa vie en main et faire ses propres choixVivre au rythme de son \u00catre et de son C\u0153urDevenir la personne la plus importante de sa vieOser une vie libre et \u00e9panouie Previous Next Qu&rsquo;est-ce qu&rsquo;un coach th\u00e9rapeute ? Un coach th\u00e9rapeute est un professionnel de l\u2019\u00e9coute &hellip; Accueil Lire la suite\u00a0\u00bb\" \/>\n<meta property=\"og:url\" content=\"https:\/\/emilie-kerouanton.com\/\" \/>\n<meta property=\"og:site_name\" content=\"Emilie KEROUANTON coach th\u00e9rapeute\" \/>\n<meta property=\"article:publisher\" content=\"https:\/\/www.facebook.com\/profile.php?id=100068537175806\" \/>\n<meta property=\"article:modified_time\" content=\"2022-12-05T20:32:10+00:00\" \/>\n<meta name=\"twitter:card\" content=\"summary_large_image\" \/>\n<meta name=\"twitter:label1\" content=\"Dur\u00e9e de lecture estim\u00e9e\" \/>\n\t<meta name=\"twitter:data1\" content=\"3 minutes\" \/>\n<script type=\"application\/ld+json\" class=\"yoast-schema-graph\">{\"@context\":\"https:\\\/\\\/schema.org\",\"@graph\":[{\"@type\":\"WebPage\",\"@id\":\"https:\\\/\\\/emilie-kerouanton.com\\\/\",\"url\":\"https:\\\/\\\/emilie-kerouanton.com\\\/\",\"name\":\"Accueil - Emilie KEROUANTON coach th\u00e9rapeute\",\"isPartOf\":{\"@id\":\"https:\\\/\\\/emilie-kerouanton.com\\\/#website\"},\"datePublished\":\"2022-09-14T09:37:44+00:00\",\"dateModified\":\"2022-12-05T20:32:10+00:00\",\"breadcrumb\":{\"@id\":\"https:\\\/\\\/emilie-kerouanton.com\\\/#breadcrumb\"},\"inLanguage\":\"fr-FR\",\"potentialAction\":[{\"@type\":\"ReadAction\",\"target\":[\"https:\\\/\\\/emilie-kerouanton.com\\\/\"]}]},{\"@type\":\"BreadcrumbList\",\"@id\":\"https:\\\/\\\/emilie-kerouanton.com\\\/#breadcrumb\",\"itemListElement\":[{\"@type\":\"ListItem\",\"position\":1,\"name\":\"Accueil\",\"item\":\"https:\\\/\\\/emilie-kerouanton.com\\\/\"},{\"@type\":\"ListItem\",\"position\":2,\"name\":\"Accueil\"}]},{\"@type\":\"WebSite\",\"@id\":\"https:\\\/\\\/emilie-kerouanton.com\\\/#website\",\"url\":\"https:\\\/\\\/emilie-kerouanton.com\\\/\",\"name\":\"Emilie KEROUANTON coach th\u00e9rapeute en \u00e9volution personnelle et professionnelle\",\"description\":\"Emilie KEROUANTON coach th\u00e9rapeute\",\"publisher\":{\"@id\":\"https:\\\/\\\/emilie-kerouanton.com\\\/#\\\/schema\\\/person\\\/e96df4f5793492820e2d6452e86fbb16\"},\"potentialAction\":[{\"@type\":\"SearchAction\",\"target\":{\"@type\":\"EntryPoint\",\"urlTemplate\":\"https:\\\/\\\/emilie-kerouanton.com\\\/?s={search_term_string}\"},\"query-input\":{\"@type\":\"PropertyValueSpecification\",\"valueRequired\":true,\"valueName\":\"search_term_string\"}}],\"inLanguage\":\"fr-FR\"},{\"@type\":[\"Person\",\"Organization\"],\"@id\":\"https:\\\/\\\/emilie-kerouanton.com\\\/#\\\/schema\\\/person\\\/e96df4f5793492820e2d6452e86fbb16\",\"name\":\"Emilie KEROUANTON\",\"image\":{\"@type\":\"ImageObject\",\"inLanguage\":\"fr-FR\",\"@id\":\"https:\\\/\\\/emilie-kerouanton.com\\\/wp-content\\\/uploads\\\/2022\\\/10\\\/emilie_coach_header.png\",\"url\":\"https:\\\/\\\/emilie-kerouanton.com\\\/wp-content\\\/uploads\\\/2022\\\/10\\\/emilie_coach_header.png\",\"contentUrl\":\"https:\\\/\\\/emilie-kerouanton.com\\\/wp-content\\\/uploads\\\/2022\\\/10\\\/emilie_coach_header.png\",\"width\":654,\"height\":145,\"caption\":\"Emilie KEROUANTON\"},\"logo\":{\"@id\":\"https:\\\/\\\/emilie-kerouanton.com\\\/wp-content\\\/uploads\\\/2022\\\/10\\\/emilie_coach_header.png\"},\"sameAs\":[\"https:\\\/\\\/www.emilie-kerouanton.com\",\"https:\\\/\\\/www.facebook.com\\\/profile.php?id=100068537175806\"]}]}<\/script>\n<!-- \/ Yoast SEO plugin. -->","yoast_head_json":{"title":"Accueil - Emilie KEROUANTON coach th\u00e9rapeute","robots":{"index":"index","follow":"follow","max-snippet":"max-snippet:-1","max-image-preview":"max-image-preview:large","max-video-preview":"max-video-preview:-1"},"canonical":"https:\/\/emilie-kerouanton.com\/","og_locale":"fr_FR","og_type":"article","og_title":"Accueil - Emilie KEROUANTON coach th\u00e9rapeute","og_description":"Se lib\u00e9rer et donner du sens \u00e0 sa vieReprendre sa vie en main et faire ses propres choixVivre au rythme de son \u00catre et de son C\u0153urDevenir la personne la plus importante de sa vieOser une vie libre et \u00e9panouie Previous Next Qu&rsquo;est-ce qu&rsquo;un coach th\u00e9rapeute ? Un coach th\u00e9rapeute est un professionnel de l\u2019\u00e9coute &hellip; Accueil Lire la suite\u00a0\u00bb","og_url":"https:\/\/emilie-kerouanton.com\/","og_site_name":"Emilie KEROUANTON coach th\u00e9rapeute","article_publisher":"https:\/\/www.facebook.com\/profile.php?id=100068537175806","article_modified_time":"2022-12-05T20:32:10+00:00","twitter_card":"summary_large_image","twitter_misc":{"Dur\u00e9e de lecture estim\u00e9e":"3 minutes"},"schema":{"@context":"https:\/\/schema.org","@graph":[{"@type":"WebPage","@id":"https:\/\/emilie-kerouanton.com\/","url":"https:\/\/emilie-kerouanton.com\/","name":"Accueil - Emilie KEROUANTON coach th\u00e9rapeute","isPartOf":{"@id":"https:\/\/emilie-kerouanton.com\/#website"},"datePublished":"2022-09-14T09:37:44+00:00","dateModified":"2022-12-05T20:32:10+00:00","breadcrumb":{"@id":"https:\/\/emilie-kerouanton.com\/#breadcrumb"},"inLanguage":"fr-FR","potentialAction":[{"@type":"ReadAction","target":["https:\/\/emilie-kerouanton.com\/"]}]},{"@type":"BreadcrumbList","@id":"https:\/\/emilie-kerouanton.com\/#breadcrumb","itemListElement":[{"@type":"ListItem","position":1,"name":"Accueil","item":"https:\/\/emilie-kerouanton.com\/"},{"@type":"ListItem","position":2,"name":"Accueil"}]},{"@type":"WebSite","@id":"https:\/\/emilie-kerouanton.com\/#website","url":"https:\/\/emilie-kerouanton.com\/","name":"Emilie KEROUANTON coach th\u00e9rapeute en \u00e9volution personnelle et professionnelle","description":"Emilie KEROUANTON coach th\u00e9rapeute","publisher":{"@id":"https:\/\/emilie-kerouanton.com\/#\/schema\/person\/e96df4f5793492820e2d6452e86fbb16"},"potentialAction":[{"@type":"SearchAction","target":{"@type":"EntryPoint","urlTemplate":"https:\/\/emilie-kerouanton.com\/?s={search_term_string}"},"query-input":{"@type":"PropertyValueSpecification","valueRequired":true,"valueName":"search_term_string"}}],"inLanguage":"fr-FR"},{"@type":["Person","Organization"],"@id":"https:\/\/emilie-kerouanton.com\/#\/schema\/person\/e96df4f5793492820e2d6452e86fbb16","name":"Emilie KEROUANTON","image":{"@type":"ImageObject","inLanguage":"fr-FR","@id":"https:\/\/emilie-kerouanton.com\/wp-content\/uploads\/2022\/10\/emilie_coach_header.png","url":"https:\/\/emilie-kerouanton.com\/wp-content\/uploads\/2022\/10\/emilie_coach_header.png","contentUrl":"https:\/\/emilie-kerouanton.com\/wp-content\/uploads\/2022\/10\/emilie_coach_header.png","width":654,"height":145,"caption":"Emilie KEROUANTON"},"logo":{"@id":"https:\/\/emilie-kerouanton.com\/wp-content\/uploads\/2022\/10\/emilie_coach_header.png"},"sameAs":["https:\/\/www.emilie-kerouanton.com","https:\/\/www.facebook.com\/profile.php?id=100068537175806"]}]}},"_links":{"self":[{"href":"https:\/\/emilie-kerouanton.com\/index.php\/wp-json\/wp\/v2\/pages\/6","targetHints":{"allow":["GET"]}}],"collection":[{"href":"https:\/\/emilie-kerouanton.com\/index.php\/wp-json\/wp\/v2\/pages"}],"about":[{"href":"https:\/\/emilie-kerouanton.com\/index.php\/wp-json\/wp\/v2\/types\/page"}],"author":[{"embeddable":true,"href":"https:\/\/emilie-kerouanton.com\/index.php\/wp-json\/wp\/v2\/users\/1"}],"replies":[{"embeddable":true,"href":"https:\/\/emilie-kerouanton.com\/index.php\/wp-json\/wp\/v2\/comments?post=6"}],"version-history":[{"count":308,"href":"https:\/\/emilie-kerouanton.com\/index.php\/wp-json\/wp\/v2\/pages\/6\/revisions"}],"predecessor-version":[{"id":2350,"href":"https:\/\/emilie-kerouanton.com\/index.php\/wp-json\/wp\/v2\/pages\/6\/revisions\/2350"}],"wp:attachment":[{"href":"https:\/\/emilie-kerouanton.com\/index.php\/wp-json\/wp\/v2\/media?parent=6"}],"curies":[{"name":"wp","href":"https:\/\/api.w.org\/{rel}","templated":true}]}}