{"id":91,"date":"2022-09-15T10:37:18","date_gmt":"2022-09-15T08:37:18","guid":{"rendered":"http:\/\/emilie-kerouanton.com\/?page_id=91"},"modified":"2023-02-07T11:06:34","modified_gmt":"2023-02-07T10:06:34","slug":"mes-accompagnements","status":"publish","type":"page","link":"https:\/\/emilie-kerouanton.com\/index.php\/mes-accompagnements\/","title":{"rendered":"Mes accompagnements"},"content":{"rendered":"\t\t<div data-elementor-type=\"wp-page\" data-elementor-id=\"91\" class=\"elementor elementor-91\" data-elementor-post-type=\"page\">\n\t\t\t\t\t\t<section class=\"has_eae_slider elementor-section elementor-top-section elementor-element elementor-element-2e81186 elementor-section-boxed elementor-section-height-default elementor-section-height-default\" data-eae-slider=\"28684\" data-particle_enable=\"false\" data-particle-mobile-disabled=\"false\" data-id=\"2e81186\" data-element_type=\"section\">\n\t\t\t\t\t\t<div class=\"elementor-container elementor-column-gap-default\">\n\t\t\t\t\t<div class=\"has_eae_slider elementor-column elementor-col-100 elementor-top-column elementor-element elementor-element-1b3d387\" data-eae-slider=\"81168\" data-id=\"1b3d387\" data-element_type=\"column\">\n\t\t\t<div class=\"elementor-widget-wrap elementor-element-populated\">\n\t\t\t\t\t\t<div class=\"elementor-element elementor-element-a3ba174 elementor-widget elementor-widget-text-editor\" data-id=\"a3ba174\" data-element_type=\"widget\" data-widget_type=\"text-editor.default\">\n\t\t\t\t<div class=\"elementor-widget-container\">\n\t\t\t\t\t\t\t<p>Selon vos objectifs et votre sensibilit\u00e9, je vous propose un <b>accompagnement personnalis\u00e9<\/b> en mettant \u00e0 votre disposition diff\u00e9rentes techniques qui vous permettront d\u2019\u00e9voluer \u00e0 votre rythme.<\/p>\t\t\t\t\t\t<\/div>\n\t\t\t\t<\/div>\n\t\t\t\t\t<\/div>\n\t\t<\/div>\n\t\t\t\t\t<\/div>\n\t\t<\/section>\n\t\t\t\t<section class=\"has_eae_slider elementor-section elementor-top-section elementor-element elementor-element-4500392 elementor-section-boxed elementor-section-height-default elementor-section-height-default\" data-eae-slider=\"48409\" data-particle_enable=\"false\" data-particle-mobile-disabled=\"false\" data-id=\"4500392\" data-element_type=\"section\">\n\t\t\t\t\t\t<div class=\"elementor-container elementor-column-gap-default\">\n\t\t\t\t\t<div class=\"has_eae_slider elementor-column elementor-col-50 elementor-top-column elementor-element elementor-element-5d6e9e2\" data-eae-slider=\"27786\" data-id=\"5d6e9e2\" data-element_type=\"column\">\n\t\t\t<div class=\"elementor-widget-wrap elementor-element-populated\">\n\t\t\t\t\t\t<div class=\"elementor-element elementor-element-ae2686c eael-infobox-icon-bg-shape-circle eael-infobox-content-align--center eael-infobox-icon-hover-bg-shape-none elementor-widget elementor-widget-eael-info-box\" data-id=\"ae2686c\" data-element_type=\"widget\" data-widget_type=\"eael-info-box.default\">\n\t\t\t\t<div class=\"elementor-widget-container\">\n\t\t\t        <div class=\"eael-infobox icon-on-top\">\n\t            <div class=\"infobox-icon eael-icon-only\">\n\n            \n                            <div class=\"infobox-icon-wrap\">\n                    <i aria-hidden=\"true\" class=\"fas fa-people-arrows\"><\/i>                <\/div>\n            \n            \n        <\/div>\n            <div class=\"infobox-content eael-icon-only\">\n                    <div class=\"infobox-title-section\">\n                <h2 class=\"title\">Coaching \/ Th\u00e9rapie<\/h2>            <\/div>\n            <div><p>pour oser \u00eatre soi<br \/>et passer \u00e0 l&rsquo;action<\/p><\/div>        <div class=\"infobox-button\">\n            <a class=\"eael-infobox-button\" href=\"http:\/\/emilie-kerouanton.com\/index.php\/coaching-therapie\/\">\n                                                                            <i aria-hidden=\"true\" class=\"eael_infobox_button_icon_left fas fa-plus-circle\"><\/i>                                                    <span class=\"infobox-button-text\">en savoir plus<\/span>\n                            <\/a>\n        <\/div>\n            <\/div>\n            <\/div>\n\n\t\t\t\t<\/div>\n\t\t\t\t<\/div>\n\t\t\t\t\t<\/div>\n\t\t<\/div>\n\t\t\t\t<div class=\"has_eae_slider elementor-column elementor-col-50 elementor-top-column elementor-element elementor-element-58d0709\" data-eae-slider=\"12921\" data-id=\"58d0709\" data-element_type=\"column\">\n\t\t\t<div class=\"elementor-widget-wrap elementor-element-populated\">\n\t\t\t\t\t\t<div class=\"elementor-element elementor-element-2a1c041 eael-infobox-icon-bg-shape-circle eael-infobox-content-align--center eael-infobox-icon-hover-bg-shape-none elementor-widget elementor-widget-eael-info-box\" data-id=\"2a1c041\" data-element_type=\"widget\" data-widget_type=\"eael-info-box.default\">\n\t\t\t\t<div class=\"elementor-widget-container\">\n\t\t\t        <div class=\"eael-infobox icon-on-top\">\n\t            <div class=\"infobox-icon eael-icon-only\">\n\n            \n                            <div class=\"infobox-icon-wrap\">\n                    <i aria-hidden=\"true\" class=\"fas fa-user-check\"><\/i>                <\/div>\n            \n            \n        <\/div>\n            <div class=\"infobox-content eael-icon-only\">\n                    <div class=\"infobox-title-section\">\n                <h2 class=\"title\">Coaching professionnel<\/h2>            <\/div>\n            <div><p>pour faire \u00e9merger le meilleur de vous<br \/>et faciliter votre transition professionnelle<\/p><\/div>        <div class=\"infobox-button\">\n            <a class=\"eael-infobox-button\" href=\"https:\/\/emilie-kerouanton.com\/index.php\/coaching-professionnel\/\">\n                                                                            <i aria-hidden=\"true\" class=\"eael_infobox_button_icon_left fas fa-plus-circle\"><\/i>                                                    <span class=\"infobox-button-text\">en savoir plus<\/span>\n                            <\/a>\n        <\/div>\n            <\/div>\n            <\/div>\n\n\t\t\t\t<\/div>\n\t\t\t\t<\/div>\n\t\t\t\t\t<\/div>\n\t\t<\/div>\n\t\t\t\t\t<\/div>\n\t\t<\/section>\n\t\t\t\t<section class=\"has_eae_slider elementor-section elementor-top-section elementor-element elementor-element-f229293 elementor-section-boxed elementor-section-height-default elementor-section-height-default\" data-eae-slider=\"45706\" data-particle_enable=\"false\" data-particle-mobile-disabled=\"false\" data-id=\"f229293\" data-element_type=\"section\">\n\t\t\t\t\t\t<div class=\"elementor-container elementor-column-gap-default\">\n\t\t\t\t\t<div class=\"has_eae_slider elementor-column elementor-col-33 elementor-top-column elementor-element elementor-element-c8098c0\" data-eae-slider=\"34550\" data-id=\"c8098c0\" data-element_type=\"column\">\n\t\t\t<div class=\"elementor-widget-wrap elementor-element-populated\">\n\t\t\t\t\t\t<div class=\"elementor-element elementor-element-cffcdfe eael-infobox-icon-bg-shape-circle eael-infobox-content-align--center eael-infobox-icon-hover-bg-shape-none elementor-widget elementor-widget-eael-info-box\" data-id=\"cffcdfe\" data-element_type=\"widget\" data-widget_type=\"eael-info-box.default\">\n\t\t\t\t<div class=\"elementor-widget-container\">\n\t\t\t        <div class=\"eael-infobox icon-on-top\">\n\t            <div class=\"infobox-icon eael-icon-only\">\n\n            \n                            <div class=\"infobox-icon-wrap\">\n                    <i aria-hidden=\"true\" class=\"fas fa-head-side-virus\"><\/i>                <\/div>\n            \n            \n        <\/div>\n            <div class=\"infobox-content eael-icon-only\">\n                    <div class=\"infobox-title-section\">\n                <h2 class=\"title\">Bilan de comp\u00e9tences<\/h2>            <\/div>\n            <div><p>pour faire le point<br \/>et avancer sur son chemin<\/p><\/div>        <div class=\"infobox-button\">\n            <a class=\"eael-infobox-button\" href=\"http:\/\/emilie-kerouanton.com\/index.php\/bilan-de-competences\/\">\n                                                                            <i aria-hidden=\"true\" class=\"eael_infobox_button_icon_left fas fa-plus-circle\"><\/i>                                                    <span class=\"infobox-button-text\">en savoir plus<\/span>\n                            <\/a>\n        <\/div>\n            <\/div>\n            <\/div>\n\n\t\t\t\t<\/div>\n\t\t\t\t<\/div>\n\t\t\t\t\t<\/div>\n\t\t<\/div>\n\t\t\t\t<div class=\"has_eae_slider elementor-column elementor-col-33 elementor-top-column elementor-element elementor-element-5fce672\" data-eae-slider=\"15420\" data-id=\"5fce672\" data-element_type=\"column\">\n\t\t\t<div class=\"elementor-widget-wrap elementor-element-populated\">\n\t\t\t\t\t\t<div class=\"elementor-element elementor-element-f1adb0b eael-infobox-icon-bg-shape-circle eael-infobox-content-align--center eael-infobox-icon-hover-bg-shape-none elementor-widget elementor-widget-eael-info-box\" data-id=\"f1adb0b\" data-element_type=\"widget\" data-widget_type=\"eael-info-box.default\">\n\t\t\t\t<div class=\"elementor-widget-container\">\n\t\t\t        <div class=\"eael-infobox icon-on-top\">\n\t            <div class=\"infobox-icon eael-icon-only\">\n\n            \n                            <div class=\"infobox-icon-wrap\">\n                    <i aria-hidden=\"true\" class=\"fas fa-directions\"><\/i>                <\/div>\n            \n            \n        <\/div>\n            <div class=\"infobox-content eael-icon-only\">\n                    <div class=\"infobox-title-section\">\n                <h2 class=\"title\">Bilan Jeune<\/h2>            <\/div>\n            <div><p>pour mieux se conna\u00eetre<br \/>et faire ses propres choix<\/p><\/div>        <div class=\"infobox-button\">\n            <a class=\"eael-infobox-button\" href=\"https:\/\/emilie-kerouanton.com\/index.php\/bilan-jeune\/\">\n                                                                            <i aria-hidden=\"true\" class=\"eael_infobox_button_icon_left fas fa-plus-circle\"><\/i>                                                    <span class=\"infobox-button-text\">en savoir plus<\/span>\n                            <\/a>\n        <\/div>\n            <\/div>\n            <\/div>\n\n\t\t\t\t<\/div>\n\t\t\t\t<\/div>\n\t\t\t\t\t<\/div>\n\t\t<\/div>\n\t\t\t\t<div class=\"has_eae_slider elementor-column elementor-col-33 elementor-top-column elementor-element elementor-element-f787acb\" data-eae-slider=\"93127\" data-id=\"f787acb\" data-element_type=\"column\">\n\t\t\t<div class=\"elementor-widget-wrap elementor-element-populated\">\n\t\t\t\t\t\t<div class=\"elementor-element elementor-element-1b52263 eael-infobox-icon-bg-shape-circle eael-infobox-content-align--center eael-infobox-icon-hover-bg-shape-none elementor-widget elementor-widget-eael-info-box\" data-id=\"1b52263\" data-element_type=\"widget\" data-widget_type=\"eael-info-box.default\">\n\t\t\t\t<div class=\"elementor-widget-container\">\n\t\t\t        <div class=\"eael-infobox icon-on-top\">\n\t            <div class=\"infobox-icon eael-icon-only\">\n\n            \n                            <div class=\"infobox-icon-wrap\">\n                    <i aria-hidden=\"true\" class=\"fas fa-street-view\"><\/i>                <\/div>\n            \n            \n        <\/div>\n            <div class=\"infobox-content eael-icon-only\">\n                    <div class=\"infobox-title-section\">\n                <h2 class=\"title\">Bilan de Vie<\/h2>            <\/div>\n            <div><p>pour se recentrer<br \/>et donner du sens \u00e0 sa vie<\/p><\/div>        <div class=\"infobox-button\">\n            <a class=\"eael-infobox-button\" href=\"https:\/\/emilie-kerouanton.com\/index.php\/bilan-de-vie\/\">\n                                                                            <i aria-hidden=\"true\" class=\"eael_infobox_button_icon_left fas fa-plus-circle\"><\/i>                                                    <span class=\"infobox-button-text\">en savoir plus<\/span>\n                            <\/a>\n        <\/div>\n            <\/div>\n            <\/div>\n\n\t\t\t\t<\/div>\n\t\t\t\t<\/div>\n\t\t\t\t\t<\/div>\n\t\t<\/div>\n\t\t\t\t\t<\/div>\n\t\t<\/section>\n\t\t\t\t<\/div>\n\t\t","protected":false},"excerpt":{"rendered":"<p>Selon vos objectifs et votre sensibilit\u00e9, je vous propose un accompagnement personnalis\u00e9 en mettant \u00e0 votre disposition diff\u00e9rentes techniques qui vous permettront d\u2019\u00e9voluer \u00e0 votre rythme. Coaching \/ Th\u00e9rapie pour oser \u00eatre soiet passer \u00e0 l&rsquo;action en savoir plus Coaching professionnel pour faire \u00e9merger le meilleur de vouset faciliter votre transition professionnelle en savoir plus &hellip;<\/p>\n<p class=\"read-more\"> <a class=\"\" href=\"https:\/\/emilie-kerouanton.com\/index.php\/mes-accompagnements\/\"> <span class=\"screen-reader-text\">Mes accompagnements<\/span> Lire la suite\u00a0\u00bb<\/a><\/p>\n","protected":false},"author":1,"featured_media":0,"parent":0,"menu_order":0,"comment_status":"closed","ping_status":"closed","template":"elementor_header_footer","meta":{"site-sidebar-layout":"no-sidebar","site-content-layout":"page-builder","ast-global-header-display":"","ast-main-header-display":"","ast-hfb-above-header-display":"","ast-hfb-below-header-display":"","ast-hfb-mobile-header-display":"","site-post-title":"disabled","ast-breadcrumbs-content":"","ast-featured-img":"disabled","footer-sml-layout":"","theme-transparent-header-meta":"","adv-header-id-meta":"","stick-header-meta":"","header-above-stick-meta":"","header-main-stick-meta":"","header-below-stick-meta":"","footnotes":""},"class_list":["post-91","page","type-page","status-publish","hentry"],"yoast_head":"<!-- This site is optimized with the Yoast SEO plugin v27.4 - https:\/\/yoast.com\/product\/yoast-seo-wordpress\/ -->\n<title>Mes accompagnements - Emilie KEROUANTON coach th\u00e9rapeute<\/title>\n<meta name=\"robots\" content=\"index, follow, max-snippet:-1, max-image-preview:large, max-video-preview:-1\" \/>\n<link rel=\"canonical\" href=\"https:\/\/emilie-kerouanton.com\/index.php\/mes-accompagnements\/\" \/>\n<meta property=\"og:locale\" content=\"fr_FR\" \/>\n<meta property=\"og:type\" content=\"article\" \/>\n<meta property=\"og:title\" content=\"Mes accompagnements - Emilie KEROUANTON coach th\u00e9rapeute\" \/>\n<meta property=\"og:description\" content=\"Selon vos objectifs et votre sensibilit\u00e9, je vous propose un accompagnement personnalis\u00e9 en mettant \u00e0 votre disposition diff\u00e9rentes techniques qui vous permettront d\u2019\u00e9voluer \u00e0 votre rythme. Coaching \/ Th\u00e9rapie pour oser \u00eatre soiet passer \u00e0 l&rsquo;action en savoir plus Coaching professionnel pour faire \u00e9merger le meilleur de vouset faciliter votre transition professionnelle en savoir plus &hellip; Mes accompagnements Lire la suite\u00a0\u00bb\" \/>\n<meta property=\"og:url\" content=\"https:\/\/emilie-kerouanton.com\/index.php\/mes-accompagnements\/\" \/>\n<meta property=\"og:site_name\" content=\"Emilie KEROUANTON coach th\u00e9rapeute\" \/>\n<meta property=\"article:publisher\" content=\"https:\/\/www.facebook.com\/profile.php?id=100068537175806\" \/>\n<meta property=\"article:modified_time\" content=\"2023-02-07T10:06:34+00:00\" \/>\n<meta name=\"twitter:card\" content=\"summary_large_image\" \/>\n<script type=\"application\/ld+json\" class=\"yoast-schema-graph\">{\"@context\":\"https:\\\/\\\/schema.org\",\"@graph\":[{\"@type\":\"WebPage\",\"@id\":\"https:\\\/\\\/emilie-kerouanton.com\\\/index.php\\\/mes-accompagnements\\\/\",\"url\":\"https:\\\/\\\/emilie-kerouanton.com\\\/index.php\\\/mes-accompagnements\\\/\",\"name\":\"Mes accompagnements - Emilie KEROUANTON coach th\u00e9rapeute\",\"isPartOf\":{\"@id\":\"https:\\\/\\\/emilie-kerouanton.com\\\/#website\"},\"datePublished\":\"2022-09-15T08:37:18+00:00\",\"dateModified\":\"2023-02-07T10:06:34+00:00\",\"breadcrumb\":{\"@id\":\"https:\\\/\\\/emilie-kerouanton.com\\\/index.php\\\/mes-accompagnements\\\/#breadcrumb\"},\"inLanguage\":\"fr-FR\",\"potentialAction\":[{\"@type\":\"ReadAction\",\"target\":[\"https:\\\/\\\/emilie-kerouanton.com\\\/index.php\\\/mes-accompagnements\\\/\"]}]},{\"@type\":\"BreadcrumbList\",\"@id\":\"https:\\\/\\\/emilie-kerouanton.com\\\/index.php\\\/mes-accompagnements\\\/#breadcrumb\",\"itemListElement\":[{\"@type\":\"ListItem\",\"position\":1,\"name\":\"Accueil\",\"item\":\"https:\\\/\\\/emilie-kerouanton.com\\\/\"},{\"@type\":\"ListItem\",\"position\":2,\"name\":\"Mes accompagnements\"}]},{\"@type\":\"WebSite\",\"@id\":\"https:\\\/\\\/emilie-kerouanton.com\\\/#website\",\"url\":\"https:\\\/\\\/emilie-kerouanton.com\\\/\",\"name\":\"Emilie KEROUANTON coach th\u00e9rapeute en \u00e9volution personnelle et professionnelle\",\"description\":\"Emilie KEROUANTON coach th\u00e9rapeute\",\"publisher\":{\"@id\":\"https:\\\/\\\/emilie-kerouanton.com\\\/#\\\/schema\\\/person\\\/e96df4f5793492820e2d6452e86fbb16\"},\"potentialAction\":[{\"@type\":\"SearchAction\",\"target\":{\"@type\":\"EntryPoint\",\"urlTemplate\":\"https:\\\/\\\/emilie-kerouanton.com\\\/?s={search_term_string}\"},\"query-input\":{\"@type\":\"PropertyValueSpecification\",\"valueRequired\":true,\"valueName\":\"search_term_string\"}}],\"inLanguage\":\"fr-FR\"},{\"@type\":[\"Person\",\"Organization\"],\"@id\":\"https:\\\/\\\/emilie-kerouanton.com\\\/#\\\/schema\\\/person\\\/e96df4f5793492820e2d6452e86fbb16\",\"name\":\"Emilie KEROUANTON\",\"image\":{\"@type\":\"ImageObject\",\"inLanguage\":\"fr-FR\",\"@id\":\"https:\\\/\\\/emilie-kerouanton.com\\\/wp-content\\\/uploads\\\/2022\\\/10\\\/emilie_coach_header.png\",\"url\":\"https:\\\/\\\/emilie-kerouanton.com\\\/wp-content\\\/uploads\\\/2022\\\/10\\\/emilie_coach_header.png\",\"contentUrl\":\"https:\\\/\\\/emilie-kerouanton.com\\\/wp-content\\\/uploads\\\/2022\\\/10\\\/emilie_coach_header.png\",\"width\":654,\"height\":145,\"caption\":\"Emilie KEROUANTON\"},\"logo\":{\"@id\":\"https:\\\/\\\/emilie-kerouanton.com\\\/wp-content\\\/uploads\\\/2022\\\/10\\\/emilie_coach_header.png\"},\"sameAs\":[\"https:\\\/\\\/www.emilie-kerouanton.com\",\"https:\\\/\\\/www.facebook.com\\\/profile.php?id=100068537175806\"]}]}<\/script>\n<!-- \/ Yoast SEO plugin. -->","yoast_head_json":{"title":"Mes accompagnements - Emilie KEROUANTON coach th\u00e9rapeute","robots":{"index":"index","follow":"follow","max-snippet":"max-snippet:-1","max-image-preview":"max-image-preview:large","max-video-preview":"max-video-preview:-1"},"canonical":"https:\/\/emilie-kerouanton.com\/index.php\/mes-accompagnements\/","og_locale":"fr_FR","og_type":"article","og_title":"Mes accompagnements - Emilie KEROUANTON coach th\u00e9rapeute","og_description":"Selon vos objectifs et votre sensibilit\u00e9, je vous propose un accompagnement personnalis\u00e9 en mettant \u00e0 votre disposition diff\u00e9rentes techniques qui vous permettront d\u2019\u00e9voluer \u00e0 votre rythme. Coaching \/ Th\u00e9rapie pour oser \u00eatre soiet passer \u00e0 l&rsquo;action en savoir plus Coaching professionnel pour faire \u00e9merger le meilleur de vouset faciliter votre transition professionnelle en savoir plus &hellip; Mes accompagnements Lire la suite\u00a0\u00bb","og_url":"https:\/\/emilie-kerouanton.com\/index.php\/mes-accompagnements\/","og_site_name":"Emilie KEROUANTON coach th\u00e9rapeute","article_publisher":"https:\/\/www.facebook.com\/profile.php?id=100068537175806","article_modified_time":"2023-02-07T10:06:34+00:00","twitter_card":"summary_large_image","schema":{"@context":"https:\/\/schema.org","@graph":[{"@type":"WebPage","@id":"https:\/\/emilie-kerouanton.com\/index.php\/mes-accompagnements\/","url":"https:\/\/emilie-kerouanton.com\/index.php\/mes-accompagnements\/","name":"Mes accompagnements - Emilie KEROUANTON coach th\u00e9rapeute","isPartOf":{"@id":"https:\/\/emilie-kerouanton.com\/#website"},"datePublished":"2022-09-15T08:37:18+00:00","dateModified":"2023-02-07T10:06:34+00:00","breadcrumb":{"@id":"https:\/\/emilie-kerouanton.com\/index.php\/mes-accompagnements\/#breadcrumb"},"inLanguage":"fr-FR","potentialAction":[{"@type":"ReadAction","target":["https:\/\/emilie-kerouanton.com\/index.php\/mes-accompagnements\/"]}]},{"@type":"BreadcrumbList","@id":"https:\/\/emilie-kerouanton.com\/index.php\/mes-accompagnements\/#breadcrumb","itemListElement":[{"@type":"ListItem","position":1,"name":"Accueil","item":"https:\/\/emilie-kerouanton.com\/"},{"@type":"ListItem","position":2,"name":"Mes accompagnements"}]},{"@type":"WebSite","@id":"https:\/\/emilie-kerouanton.com\/#website","url":"https:\/\/emilie-kerouanton.com\/","name":"Emilie KEROUANTON coach th\u00e9rapeute en \u00e9volution personnelle et professionnelle","description":"Emilie KEROUANTON coach th\u00e9rapeute","publisher":{"@id":"https:\/\/emilie-kerouanton.com\/#\/schema\/person\/e96df4f5793492820e2d6452e86fbb16"},"potentialAction":[{"@type":"SearchAction","target":{"@type":"EntryPoint","urlTemplate":"https:\/\/emilie-kerouanton.com\/?s={search_term_string}"},"query-input":{"@type":"PropertyValueSpecification","valueRequired":true,"valueName":"search_term_string"}}],"inLanguage":"fr-FR"},{"@type":["Person","Organization"],"@id":"https:\/\/emilie-kerouanton.com\/#\/schema\/person\/e96df4f5793492820e2d6452e86fbb16","name":"Emilie KEROUANTON","image":{"@type":"ImageObject","inLanguage":"fr-FR","@id":"https:\/\/emilie-kerouanton.com\/wp-content\/uploads\/2022\/10\/emilie_coach_header.png","url":"https:\/\/emilie-kerouanton.com\/wp-content\/uploads\/2022\/10\/emilie_coach_header.png","contentUrl":"https:\/\/emilie-kerouanton.com\/wp-content\/uploads\/2022\/10\/emilie_coach_header.png","width":654,"height":145,"caption":"Emilie KEROUANTON"},"logo":{"@id":"https:\/\/emilie-kerouanton.com\/wp-content\/uploads\/2022\/10\/emilie_coach_header.png"},"sameAs":["https:\/\/www.emilie-kerouanton.com","https:\/\/www.facebook.com\/profile.php?id=100068537175806"]}]}},"_links":{"self":[{"href":"https:\/\/emilie-kerouanton.com\/index.php\/wp-json\/wp\/v2\/pages\/91","targetHints":{"allow":["GET"]}}],"collection":[{"href":"https:\/\/emilie-kerouanton.com\/index.php\/wp-json\/wp\/v2\/pages"}],"about":[{"href":"https:\/\/emilie-kerouanton.com\/index.php\/wp-json\/wp\/v2\/types\/page"}],"author":[{"embeddable":true,"href":"https:\/\/emilie-kerouanton.com\/index.php\/wp-json\/wp\/v2\/users\/1"}],"replies":[{"embeddable":true,"href":"https:\/\/emilie-kerouanton.com\/index.php\/wp-json\/wp\/v2\/comments?post=91"}],"version-history":[{"count":91,"href":"https:\/\/emilie-kerouanton.com\/index.php\/wp-json\/wp\/v2\/pages\/91\/revisions"}],"predecessor-version":[{"id":2204,"href":"https:\/\/emilie-kerouanton.com\/index.php\/wp-json\/wp\/v2\/pages\/91\/revisions\/2204"}],"wp:attachment":[{"href":"https:\/\/emilie-kerouanton.com\/index.php\/wp-json\/wp\/v2\/media?parent=91"}],"curies":[{"name":"wp","href":"https:\/\/api.w.org\/{rel}","templated":true}]}}